(-2). Let j(o) = o**3 - o**2 - 7. What is j(r)?
-7
Let f(y) = -3*y**2 - 1. Suppose 0 = b + 6 - 5, 5*b - 159 = -2*p. Let i = p + -79. Give f(i).
-28
Suppose 230 = 60*h - 10. Let x(i) be the second derivative of -1/12*i**h - 5/2*i**2 - 8*i + 0 + 5/6*i**3. Calculate x(5).
-5
Let s = 28 - 17. Let a(u) = 2*u**2 + 12*u - s*u + 4*u**2. What is a(1)?
7
Let r(m) = -m**3 - m**2 - m + 2. Let p be 4 + 2*-1 + (-42)/(-14). Suppose -p + 0 = u - g, -g + 9 = -3*u. What is r(u)?
8
Let k(a) = -2*a**3 - a**2 - a. Let g be k(-1). Suppose -g + 3 = j. Let w(t) be the second derivative of t**5 - t**4/6 + t**3/6 + 68*t + 5. Give w(j).
19
Suppose -30*o = -11*o - 0*o + 38. Let p(c) = 3*c**2 + 5*c + 2. Let i(d) = -39*d**2 - 66*d - 27. Let u(l) = 2*i(l) + 27*p(l). What is u(o)?
6
Let o be 8883/30 - 8/80. Let d(i) = 0 - o*i + 152*i + 1 + 143*i. What is d(-6)?
7
Let p(t) = 111*t**2 + 113*t - 502. Let y(m) = 17*m**2 + 19*m - 84. Let n(i) = -2*p(i) + 13*y(i). Calculate n(16).
-8
Suppose 30*l - 12 - 18 = 0. Let c(h) = 13*h**3 - 2*h**2 + 2*h - 1. Give c(l).
12
Let b(k) be the first derivative of k**3/3 + 7*k**2/2 + k + 41. Let x be b(-6). Let j(m) = 2*m - 7. Let y(l) = -l. Let t(g) = -j(g) - y(g). Determine t(x).
12
Let v(p) = 2*p**2 - 4*p - 2. Suppose -3*a = -4*j - 6 - 9, 0 = -3*j - 2*a - 7. Give v(j).
28
Suppose -9 = 3*d - 0, -2*o = 5*d + 3. Let u(w) = 3*w**2 + 5 - 4*w**2 + 9*w + w - 3*w. Calculate u(o).
11
Let y(a) = -a**2 - 14*a - 23. Suppose -24*n = 212 + 28. Give y(n).
17
Let a(w) = -36*w - 11. Let x(j) = -12*j - 4. Let z(u) = -3*a(u) + 8*x(u). Let s(g) = -g**2 + 10*g - 4. Let c be s(9). Suppose -4 - 1 = -c*l. Calculate z(l).
13
Let k = -29 - -32. Let o(a) = 5*a**2 - 3*a - 14*a**2 + 5*a + a**k - 12*a. Calculate o(10).
0
Suppose -l + 3 = 1. Let z(u) = -2*u - 2 + 0*u**l - 3*u**2 + 2*u**2. Let c(h) = -h**2 + 5. Let m be c(3). Determine z(m).
-10
Let m(r) = -12*r**3 - 9*r**2 - 7*r. Let t(p) = -2*p**3 - p**2 - p. Let s(w) = m(w) - 5*t(w). Suppose -2*f + 0*y = 5*y + 29, 0 = -5*f + 3*y + 5. Determine s(f).
4
Let f(d) = -7*d**2 + 1. Suppose -5*h = -p + 27, 0 = -p - 4*p - 2*h. Give f(p).
-27
Let l(d) be the first derivative of 0*d**2 + d**3 + 2 + 1/12*d**4 + 7/120*d**5 + 0*d + 1/360*d**6. Let b(v) be the third derivative of l(v). Give b(-6).
-4
Let c be 3 + 6 - (-6)/(-1). Let k(f) = 10*f. What is k(c)?
30
Let k(n) be the third derivative of n**4/12 - 3*n**2. Let r(o) = 3*o. Let q(a) = 4*k(a) - 3*r(a). Suppose -6*z = -2*z + 5*b - 12, -2*b = 0. Determine q(z).
-3
Let f(n) = n**2 - 10 + 271*n - 137*n - 132*n. Let u be -1*(7 + -2)/1. Let c be f(u). Let j(i) = -i**2 + 7*i - 5. Calculate j(c).
5
Suppose -5*c = -2*j - 2, -54*c = -2*j - 56*c - 16. Let h(i) = -2*i - 20. Give h(j).
-8
Let d = -29 - -31. Suppose d*u - 6 = -2. Let a(i) = 2*i**3 + i**2 - 2*i - 1. What is a(u)?
15
Let w(v) = 5*v + 113. Let t(o) = 4*o + 94. Let k(r) = 6*t(r) - 5*w(r). What is k(-6)?
5
Suppose 0*s = -5*s - 40. Let w be s*3/6 + (0 - -1). Let c(a) = -5*a**2 - 7*a + 1. Let i(y) = -y**2 - y. Let t(m) = -c(m) + 3*i(m). Give t(w).
5
Let k(b) be the first derivative of 7*b**2/2 - b + 34. Calculate k(1).
6
Let v(g) = g**3 + 8*g**2 + 6*g - 3. Let i be -5 + (-64)/56 + (-3)/(-21). What is v(i)?
33
Let v(q) = q**3 - 6*q**2 - 5*q - 8. Let p be v(7). Let h(w) be the third derivative of w**4/24 - w**3/2 - w**2. Determine h(p).
3
Let h(g) be the third derivative of g**6/120 + g**5/20 + g**4/24 - g**3/6 - 41*g**2 + 1. What is h(-4)?
-21
Let h(u) be the second derivative of u**5/20 + 5*u**4/6 + 5*u**3/6 + 102*u. Give h(-9).
36
Let h(d) = d**3 + 18*d**2 - 17*d + 28. Suppose 38 = -2*j - 0. Determine h(j).
-10
Let v = -16 - -18. Suppose 0 = v*f - h + 18, 27 = -3*f - h + 3*h. Let q(d) = d**2 + 8*d - 8. What is q(f)?
1
Suppose 0 = o + r + 2, -2*r + 5 = 15. Let g(z) = 3 - 2 - 2*z**o - 8*z**3. Let t be (2/5)/((-10)/(-25)). Give g(t).
-9
Let a(k) = k**3 + 5*k**2 + 6*k - 3. Let r be (55/(-22))/((-1)/2*-1). Give a(r).
-33
Let q(n) = -4 - 4*n**2 + 0*n + 7*n + 6*n**2 - 10*n + n**3. Calculate q(-3).
-4
Suppose -2*g - 2 = 0, -22 + 0 = -3*o + g. Let j(h) = -h**3 + 9*h**2 - 9*h + 2. Determine j(o).
37
Let m(p) be the first derivative of p**2 - 19*p - 200. Determine m(-10).
-39
Suppose -5*p - m = -13, 88*p - m = 85*p + 11. Let d(o) = o**2 - 2*o - 5. Determine d(p).
-2
Let q(w) = w**3 - 4*w**2 - w. Let s = 0 - 4. Let u(j) = -2*j + 2. Let r(c) = -3*c + 3. Let m(y) = s*r(y) + 7*u(y). Let h be m(-1). What is q(h)?
-4
Let k(l) = 2*l - 2. Let y = 6 - 6. Suppose y = 3*j - 2 - 7. Determine k(j).
4
Let m(g) = g**3 - 8*g**2 + 7*g + 6. Let p = 22 - 15. Suppose -p*v = -73 + 24. Determine m(v).
6
Suppose 0 = -3*z + 6*z - 3*x - 21, -2*z + 4*x = -4. Let h(g) = -z - g - g - g + 4*g. Suppose i = 3*i - 10. Determine h(i).
-7
Let x(b) = -b**3 + 3*b**2 + 4*b - 6. Let p be x(-2). Suppose -4*n + 5*n = 0. Suppose w + w + p = n. Let h(j) = j**2 + 3*j + 1. Give h(w).
1
Let v(l) = l + 2. Let g(j) = -3*j - 6. Let q(n) = -2*g(n) - 5*v(n). Suppose 5*m - 28 = -2*x, 2*x - 2*m = -0*m. Calculate q(x).
6
Let i(c) = c**3 - 7*c**2 + 7*c - 2. Let m(x) = x**3 - 8*x**2 + 5. Let f be m(8). Calculate i(f).
-17
Let w(o) = -3*o + 1. Let c(q) = 5*q + 15. Let i(j) = -3*j - 7. Let t(f) = 4*c(f) + 7*i(f). Let b be t(12). Determine w(b).
4
Let y(j) = -36*j - 248. Let z be y(-7). Let a(g) = -3*g**2 + 6*g. Calculate a(z).
-24
Suppose -4*z = 3*h - 1, 4*z + 10 = -z. Let l(g) be the first derivative of g**4/4 - 2*g**3/3 + 2*g - 59. Determine l(h).
11
Let z = 2 - 6. Let q(d) = 9*d - 41*d + 11*d + 9*d - 2 + 13*d. Give q(z).
-6
Let l(d) = -15*d**2 + 13 + 8*d + d**3 - 15*d**2 + 20*d**2. Give l(9).
4
Let m be ((-8)/(-5))/(4/20). Suppose -j + m = 4*g - 0*j, 0 = 4*j. Suppose -5*q + s = -q + 3, 0 = -g*q - 4*s - 24. Let f(v) = -v**2 - 3*v + 2. Determine f(q).
4
Let j(a) = a**2 - 3*a - 4. Let h be 26/(-4)*2/(-1). Let b be (h - 4 - 3)*-5. Let k be b/(-8) + 4/16. Calculate j(k).
0
Let q(y) = -5*y**2 - 4. Let f(b) = -4*b**3 + 2*b**3 - 5*b**3 - 6*b**2 + 6*b**3 - 5. Let a(j) = 4*f(j) - 5*q(j). Calculate a(-1).
5
Let n(a) = -11*a - 12. Let t(j) = 19*j + 14. Let b(l) = l - 1. Let q(s) = -3*b(s) + t(s). Let g(m) = -7*n(m) - 5*q(m). What is g(3)?
-10
Let q(c) = 3*c + 31. Let s = 25 + -17. Let g(p) = 2*p + 21. Let m(l) = s*g(l) - 5*q(l). Give m(-9).
4
Let d(n) = 3*n + 1 - n**2 + 4*n - 4*n. Suppose 1968*m - 1966*m = 6. What is d(m)?
1
Let d = -1 + -1. Let w(p) = -p + 2. Let m be w(d). Let y(t) = t**2 - 4*t - 2. What is y(m)?
-2
Let p = 34 + -18. Suppose 13 = j + 3*d, -5*j = -3*d + 56 - 139. Let l = p - j. Let o(w) = w**2. Determine o(l).
0
Let t(h) be the second derivative of h**5/20 + 3*h**4/4 - h**2/2 + 103*h - 1. Calculate t(-9).
-1
Let h(m) = -3 + 2*m - m**2 - m**2 + 6*m. Let w = 1830 + -1825. Determine h(w).
-13
Let h be 2/(6/7)*(-18 - -21). Suppose -h*p = 29 - 1. Let o(z) = -2*z**2 - 4*z + 3. Determine o(p).
-13
Suppose -6 + 18 = 3*a. Let t(l) = 2*l - 9. Let d be t(a). Let u(p) = -4*p**2 + 6*p + 5. Let c(m) = m**2 - m - 1. Let o(g) = -6*c(g) - u(g). Determine o(d).
-1
Let i be (-2)/(-3) - (-204)/(-36). Let j(y) = -8*y + 4. Let m(r) = r - 1. Let w(d) = i*m(d) - j(d). Give w(-5).
-14
Let k(r) be the second derivative of 35*r - 1/3*r**3 + 0 - 4*r**2. Calculate k(-6).
4
Let m(b) = -b - 3. Suppose -40 = 5*u + 45. Let l(f) = -2*f - 38. Let n be l(u). Give m(n).
1
Let j(f) be the third derivative of -1/6*f**4 - f**2 + 1/3*f**3 + 0 + 0*f. Let p = -535 - -537. What is j(p)?
-6
Let c(i) = -i**3 + 17*i**2 - 43*i + 9. Let b(a) = a**3 - 16*a**2 + 38*a - 8. Let v(s) = -7*b(s) - 6*c(s). Give v(9).
11
Suppose -4*y + w - 1 - 2 = 0, -4*y = 3*w + 7. Let k be -1 - (0/y)/(-3). Let r(a) = -15*a. Let l(b) = 2*b. Let z(h) = 2*l(h) + r(h). Give z(k).
11
Let a(o) = o + 11. Let r be a(-20). Let h(i) = i**3 + 8*i**2 - 10*i - 5. Give h(r).
4
Let v(i) = -4 + 1 + 1 + i + 3. Let y be (((-4)/5)/((-2)/15))/2. What is v(y)?
4
Let w(v) be the third derivative of -v**6/360 - v**5/40 + v**4/6 - 7*v**3/3 + 13*v**2. Let s(l) be the first derivative of w(l). Determine s(-4).
0
Let n(y) = -y - 9. Suppose 0*w + 11 = 2*w - 3*b, -4*b - 4 = 0. Let s(f) = 3*f + 25. Let x(t) = w*s(t) + 11*n(t). What is x(-3)?
-2
Let h be -28*(-2 - (-60)/35). Suppose 34*f = 38*f + h. Let n(a) be the second derivative of 2*a**3/3 + a**2 - a. What is n(f)?
-6
Let k(f) = -f**2